5
In base 15, what is -b - -503a9c?
503a91
In base 2, what is -1101001000 - 100110001011?
-110011010011
In base 13, what is -ab0133 + -4?
-ab0137
In base 10, what is 2777 - -4119?
6896
In base 2, what is 100 + 101010010011111111010?
101010010011111111110
In base 12, what is -5 - 3b213360?
-3b213365
In base 12, what is -149 - 8854?
-89a1
In base 10, what is -43102332 - -1?
-43102331
In base 9, what is 868827 - 54?
868763
In base 8, what is -12312647 - -3?
-12312644
In base 5, what is 21100 - -1203444?
1230044
In base 5, what is 40 + 23142440?
23143030
In base 4, what is 23112003 - 31202?
23020201
In base 13, what is -9b + -13709?
-137a7
In base 3, what is -1000 - -1210210020120?
1210210012120
In base 7, what is -11135555 - -1?
-11135554
In base 5, what is -400013003441 - 10?
-400013004001
In base 12, what is -94a2 - 40?
-9522
In base 15, what is -29135e9 + 1?
-29135e8
In base 15, what is -29 - 128ad8?
-128b12
In base 9, what is -1301 + 24632?
23331
In base 4, what is 103312212230 - -3?
103312212233
In base 6, what is -11254344 + -1114?
-11255502
In base 9, what is -306532721 + 3?
-306532717
In base 6, what is -24 + -1131550?
-1132014
In base 7, what is 20531206 + 3?
20531212
In base 4, what is -10321230012 - -2220?
-10321221132
In base 2, what is -11100101000001100011011 - 110111?
-11100101000001101010010
In base 11, what is -8511 + 125?
-8397
In base 14, what is 137a92d9 + 4?
137a92dd
In base 15, what is 49399e + 1?
4939a0
In base 11, what is -2a529a7 + -2?
-2a529a9
In base 14, what is -7 + c6ba19?
c6ba12
In base 3, what is 202000000111021 + 0?
202000000111021
In base 5, what is -4214321 - -1323?
-4212443
In base 10, what is -3172 + -2812?
-5984
In base 6, what is 20152302 - 0?
20152302
In base 8, what is 1060 + 46561?
47641
In base 7, what is -2500102 - 42?
-2500144
In base 6, what is 111340052 - 22?
111340030
In base 9, what is -1570 + 763413?
761733
In base 2, what is 1010000001 - 11100010001010?
-11011000001001
In base 10, what is -421828 - 4?
-421832
In base 2, what is -100 + -11010010010100100000001001?
-11010010010100100000001101
In base 7, what is -21 + -30532463?
-30532514
In base 12, what is 11207 + 5b?
11266
In base 6, what is 25440 - -42235?
112115
In base 8, what is 4 + 237354267?
237354273
In base 8, what is 5102206 + 130?
5102336
In base 7, what is -22165004 + 410?
-22164264
In base 7, what is 1114 + -2522661?
-2521544
In base 9, what is -5 + -3512855?
-3512861
In base 15, what is 1 - -67d53c1?
67d53c2
In base 6, what is -21 + -141000410?
-141000431
In base 9, what is -3 - -11604281?
11604277
In base 10, what is -4 + -4716826?
-4716830
In base 5, what is -1410 - 40313233?
-40320143
In base 5, what is 1043114424041 + -3?
1043114424033
In base 5, what is 120 - 3224434?
-3224314
In base 6, what is -52 - -200514132?
200514040
In base 2, what is -10100001010 + -1001101000110?
-1100001010000
In base 8, what is -171430 + -303?
-171733
In base 13, what is 22c - 5c8a?
-5a5b
In base 4, what is -1031030 - -10003113?
2312023
In base 12, what is -194917 - -44?
-194893
In base 3, what is -11111120110121120 - -2?
-11111120110121111
In base 4, what is 3103223200 + 11?
3103223211
In base 5, what is 2 - -1310222431021?
1310222431023
In base 16, what is -274e - 8137?
-a885
In base 15, what is 1d37208 - 3c?
1d371bb
In base 2, what is 10 + 1101000100101010100010?
1101000100101010100100
In base 5, what is -3 + 31311130221?
31311130213
In base 6, what is -10500145 + -11402?
-10511551
In base 16, what is -621 - 39c39?
-3a25a
In base 14, what is -3c250 - 5?
-3c255
In base 13, what is 90 - -1255a7?
125667
In base 3, what is -1112112 - 2121210102?
-2200022221
In base 6, what is 35125 - 54025?
-14500
In base 8, what is 36011 - -3711?
41722
In base 4, what is -133 + 10103303?
10103110
In base 3, what is -1121 - -1012121000210?
1012120222012
In base 5, what is -3402244031 + 10?
-3402244021
In base 10, what is -4 + 1122139?
1122135
In base 4, what is 1 + 20203110210?
20203110211
In base 12, what is 173879 - 6?
173873
In base 16, what is 17c + 180c4?
18240
In base 5, what is 1221021 - 120141?
1100330
In base 6, what is 1132554011 - 0?
1132554011
In base 11, what is -457 + -33a2?
-3849
In base 9, what is -10 + 271061?
271051
In base 11, what is -114a7245a - 4?
-114a72463
In base 4, what is -23203121013001 + 2?
-23203121012333
In base 11, what is -115 + 68857?
68742
In base 9, what is -1 - -554661524?
554661523
In base 14, what is -5 - -6a017?
6a012
In base 14, what is -d3 - a494?
-a587
In base 10, what is -61384 - -742?
-60642
In base 15, what is 124 + 248c4?
249e8
In base 8, what is -2240 - 2445?
-4705
In base 13, what is 4aa0c8 - -23?
4aa11b
In base 10, what is 44450 + 55?
44505
In base 14, what is ca634 + -172?
ca4a2
In base 6, what is -51 - 2225025?
-2225120
In base 6, what is 2001400110 - -3?
2001400113
In base 3, what is -21222110 + -10022002?
-102021112
In base 5, what is 4 + 3002004104?
3002004113
In base 15, what is 27c - 26c47?
-269ba
In base 8, what is 60 - -5563?
5643
In base 7, what is -21 + 403560?
403536
In base 16, what is -4 - -df8b15?
df8b11
In base 13, what is -12 - 5a255?
-5a267
In base 12, what is -1 + 6209833?
6209832
In base 9, what is -137311 + -70?
-137381
In base 6, what is -3 - 1205015505?
-1205015512
In base 10, what is 160 - 52095?
-51935
In base 9, what is -1241 + -63781?
-65132
In base 16, what is -240594 - -a?
-24058a
In base 14, what is -15 + 28a6c95?
28a6c80
In base 2, what is -1010010101001000110 - -11110110010?
-1010010001010010100
In base 16, what is -91 + -c687?
-c718
In base 5, what is 4 + -20430140304?
-20430140300
In base 14, what is 209b - -4c51?
6d0c
In base 2, what is -1000111100000000100111100 + 100?
-1000111100000000100111000
In base 8, what is -151740 - -134?
-151604
In base 14, what is -4b - -155373d?
15536d2
In base 13, what is -2cc7 + -3012?
-6009
In base 3, what is 120200 + -2200202100?
-2200011200
In base 9, what is 147 - -1201177?
1201335
In base 10, what is -337 + 771177?
770840
In base 16, what is -121 - -5e30?
5d0f
In base 4, what is 10 + -100022301020?
-100022301010
In base 5, what is 1 - -14331011412?
14331011413
In base 12, what is -a8ab76 - 10?
-a8ab86
In base 2, what is -101111 + 10101110100010101011101?
10101110100010100101110
In base 14, what is -1abc - 947c?
-b15a
In base 16, what is -1e3eb - -11d?
-1e2ce
In base 13, what is 52b + -4845?
-4317
In base 9, what is -804 - 3083232?
-3084136
In base 3, what is 100202100011 + -20122200?
100111200111
In base 5, what is 21324332013 - -1?
21324332014
In base 10, what is 34946395 - -3?
34946398
In base 8, what is 12444243 - -104?
12444347
In base 2, what is 1110110 + -101010011010111100110?
-101010011010101110000
In base 5, what is 133031 - -13042?
201123
In base 7, what is 166111 - 13110?
153001
In base 4, what is -103 + -11220323?
-11221032
In base 13, what is 31 + 9ba0?
9c01
In base 10, what is -62648 - -104?
-62544
In base 13, what is 51120 + b?
5112b
In base 6, what is -22 + -10043245?
-10043311
In base 9, what is -52427076 - 13?
-52427100
In base 10, what is -4131 - 2980?
-7111
In base 15, what is 26 - -a6cc3b?
a6cc62
In base 14, what is -1a8d + -20b3?
-3b62
In base 5, what is -2133330422 - 110?
-2133331032
In base 8, what is -1462561 - 76?
-1462657
In base 10, what is -315 - -30578?
30263
In base 9, what is 106121 - 656?
105354
In base 8, what is -1157 + 6213014?
6211635
In base 13, what is 38335c + 5?
383364
In base 16, what is -25833d - -54?
-2582e9
In base 6, what is -2122 + 1305023?
1302501
In base 16, what is 2b + -afd076?
-afd04b
In base 9, what is -17065120 - 3?
-17065123
In base 10, what is 55646438 + 2?
55646440
In base 16, what is 1 - c67c4?
-c67c3
In base 10, what is 195654 + -25?
195629
In base 9, what is 37330066 + 16?
37330083
In base 14, what is -46 + -60412c?
-604174
In base 2, what is -100110011000010011101011 + -1011?
-100110011000010011110110
In base 7, what is -1 + 1343004303?
1343004302
In base 11, what is 21147a - 2a?
211450
In base 10, what is 3 - 24291177?
-24291174
In base 16, what is -50e2d - -1c?
-50e11
In base 12, what is -3b360451 + 0?
-3b360451
In base 3, what is 12 + 1212112202001122?
1212112202001211
In base 7, what is 1006030241 - 23?
1006030215
In base 16, what is 4 + f9dd88?
f9dd8c
In base 7, what is -6200434300